312
Convert 1011101111101110 (base 2) to base 5.
3014420
Convert -32019 (base 10) to base 16.
-7d13
-81c (base 13) to base 14
-705
What is -1010100101000111 (base 2) in base 16?
-a947
30400 (base 5) to base 16
7b7
-3a2 (base 11) to base 6
-2111
-334104 (base 5) to base 2
-10111000000011
What is -2399 (base 10) in base 11?
-1891
What is -4214 (base 7) in base 8?
-2711
Convert 1c68 (base 13) to base 14.
17dd
What is 15745 (base 8) in base 15?
21b1
Convert -2218 (base 12) to base 4.
-322310
Convert -63541 (base 9) to base 13.
-16165
-4da (base 14) to base 12
-694
What is 18a62 (base 12) in base 9?
54432
-24554 (base 12) to base 7
-263230
-6638 (base 11) to base 7
-34343
-10110100 (base 2) to base 11
-154
315 (base 15) to base 7
2012
Convert -27623 (base 8) to base 5.
-342204
-20022 (base 3) to base 8
-252
What is -1023011 (base 6) in base 11?
-34547
What is -32ba (base 13) in base 4?
-1232222
What is 111100001000 (base 2) in base 10?
3848
-c60 (base 16) to base 3
-11100100
-149 (base 15) to base 11
-248
What is -4d8e (base 15) in base 4?
-10002233
What is 1242 (base 6) in base 9?
378
What is -245433 (base 6) in base 11?
-15573
What is 18bc6 (base 13) in base 14?
1379c
-212010100 (base 3) to base 14
-6201
What is -14411 (base 7) in base 3?
-12110022
-54 (base 7) to base 10
-39
Convert -3797 (base 10) to base 11.
-2942
What is 120222102 (base 3) in base 6?
125532
Convert -12021 (base 3) to base 6.
-354
5860 (base 10) to base 4
1123210
9a2 (base 13) to base 6
11353
10046 (base 9) to base 4
1213023
Convert -407 (base 14) to base 3.
-1002022
What is -1453 (base 6) in base 12?
-289
c415 (base 14) to base 13
12479
-250a (base 11) to base 8
-6315
Convert 2826 (base 11) to base 16.
e4a
Convert -177 (base 15) to base 3.
-110111
Convert 5ba4 (base 12) to base 10.
10348
-7672 (base 8) to base 10
-4026
-1ca (base 13) to base 12
-23b
What is 33ba (base 12) in base 7?
22534
Convert -104 (base 9) to base 8.
-125
What is -12301 (base 7) in base 2?
-110010100011
-29c1 (base 13) to base 7
-23463
a77 (base 13) to base 8
3374
Convert 77cd (base 16) to base 9.
46056
-802 (base 9) to base 2
-1010001010
Convert -2406 (base 12) to base 7.
-14526
4557 (base 10) to base 6
33033
Convert 13300 (base 4) to base 7.
1306
What is -630 (base 14) in base 2?
-10011000010
-19253 (base 12) to base 3
-1212021000
What is b8b (base 16) in base 14?
1111
What is -3ba (base 12) in base 3?
-210021
667 (base 8) to base 7
1165
Convert -2215 (base 6) to base 4.
-20003
Convert 856 (base 12) to base 9.
1603
549 (base 13) to base 8
1612
Convert -102a6 (base 15) to base 6.
-1033103
What is 100148 (base 9) in base 6?
1133542
-6802 (base 16) to base 9
-40464
33012 (base 4) to base 2
1111000110
Convert 14 (base 10) to base 7.
20
Convert -3a7 (base 15) to base 8.
-1500
What is -564 (base 15) in base 12?
-857
What is a81 (base 12) in base 3?
2002221
-3191 (base 13) to base 14
-2714
What is 341 (base 8) in base 3?
22100
What is -36725 (base 8) in base 2?
-11110111010101
4114 (base 5) to base 6
2250
Convert 16a3 (base 11) to base 13.
cac
Convert -122222120 (base 3) to base 9.
-18876
12e (base 15) to base 10
269
What is -100001110000101 (base 2) in base 14?
-6429
11100 (base 2) to base 6
44
Convert a (base 16) to base 11.
a
What is 11012 (base 3) in base 6?
305
Convert -2222100 (base 4) to base 12.
-6380
Convert 362 (base 13) to base 14.
2dd
What is -1b50 (base 13) in base 5?
-112441
221122 (base 6) to base 11
12917
15472 (base 8) to base 2
1101100111010
Convert 412111 (base 6) to base 11.
22777
What is -22040 (base 5) in base 9?
-2068
410a (base 13) to base 6
105303
Convert -49a0 (base 16) to base 10.
-18848
Convert 884 (base 15) to base 14.
9b6
1552 (base 10) to base 5
22202
What is -110010 (base 3) in base 7?
-645
11010000 (base 2) to base 5
1313
What is 6861 (base 9) in base 15?
1787
Convert 2123 (base 9) to base 14.
7d6
What is -312131 (base 4) in base 8?
-6635
Convert -18986 (base 10) to base 8.
-45052
What is -10013030 (base 5) in base 7?
-446505
Convert -1012211 (base 3) to base 5.
-12021
What is 25266 (base 7) in base 11?
5008
What is -3854 (base 10) in base 11?
-2994
What is -2920 (base 10) in base 7?
-11341
Convert -111113 (base 4) to base 10.
-1367
What is -2332213 (base 4) in base 16?
-2fa7
What is -5454 (base 10) in base 13?
-2637
5502 (base 11) to base 9
10858
Convert 11201 (base 3) to base 16.
7f
Convert 4110030 (base 5) to base 6.
1230441
What is 22001012 (base 3) in base 15?
1b0e
-1577 (base 10) to base 8
-3051
-11 (base 11) to base 5
-22
Convert -352 (base 10) to base 3.
-111001
What is 3121020 (base 4) in base 14?
50c8
Convert 134 (base 8) to base 12.
78
Convert -23755 (base 12) to base 5.
-3011404
Convert -1062c (base 13) to base 10.
-29613
What is -16823 (base 11) in base 4?
-11301010
What is 464 (base 11) in base 4?
20222
What is 940 (base 12) in base 13?
7c5
What is 112010021 (base 3) in base 10?
10294
What is 3139 (base 10) in base 6?
22311
What is -35063 (base 11) in base 10?
-50647
What is 41312 (base 6) in base 10?
5516
What is 1299 (base 10) in base 8?
2423
What is 102430 (base 5) in base 9?
4707
What is 110110101 (base 2) in base 4?
12311
-1287 (base 13) to base 11
-1a96
Convert -145 (base 6) to base 14.
-49
What is 1221104 (base 5) in base 11?
16543
10364 (base 8) to base 12
2618
What is 11101111000 (base 2) in base 10?
1912
Convert -1a (base 14) to base 10.
-24
Convert 11111001100000 (base 2) to base 13.
7364
Convert 21445 (base 6) to base 12.
1885
What is -1ba (base 15) in base 3?
-112211
What is 60d (base 16) in base 8?
3015
272 (base 8) to base 11
15a
Convert -1110001101 (base 2) to base 6.
-4113
Convert 100100100001010 (base 2) to base 12.
a9a2
1000000100100001 (base 2) to base 11
22922
2314 (base 5) to base 6
1314
What is -1100011000011 (base 2) in base 9?
-8623
Convert -100110100 (base 2) to base 10.
-308
What is 3102 (base 8) in base 13?
963
21133301 (base 4) to base 13
14921
Convert 13013 (base 4) to base 8.
707
-16515 (base 7) to base 5
-122331
9d (base 14) to base 9
164
Convert 474 (base 11) to base 15.
27a
Convert 111111000111111 (base 2) to base 4.
13320333
-386 (base 13) to base 16
-269
Convert -2b95 (base 16) to base 6.
-123353
13321 (base 6) to base 11
1608
-204533 (base 7) to base 3
-1210100202
530a (base 14) to base 9
21568
Convert 4022314 (base 5) to base 7.
354556
Convert -2210102 (base 3) to base 14.
-a56
Convert -20411 (base 5) to base 2.
-10101001100
What is 23321 (base 4) in base 11?
632
What is -39a (base 11) in base 12?
-334
What is -6871 (base 11) in base 9?
-13345
-763 (base 9) to base 2
-1001110000
What is 2111323 (base 4) in base 16?
257b
What is 15776 (base 8) in base 3?
100211102
What is -55729 (base 10) in base 12?
-28301
What is -1 (base 2) in base 13?
-1
What is 52 (base 16) in base 13?
64
203 (base 16) to base 10
515
-1636 (base 9) to base 11
-a35
Convert 233321 (base 6) to base 8.
47361
Convert -12222011 (base 4) to base 12.
-13945
-31270 (base 11) to base 12
-22459
Convert -6a99 (base 11) to base 7.
-36061
Convert -10212 (base 3) to base 11.
-95
-24261 (base 7) to base 13
-2b4a
Convert 20210201 (base 3) to base 13.
2347
79a (base 11) to base 5
12311
-26013 (base 7) to base 8
-15326
Convert -153 (base 12) to base 11.
-179
What is 100000111 (base 2) in base 10?
263
Convert 10110111 (base 2) to base 11.
157
Convert 20110102 (base 3) to base 10.
4709
What is -121104 (base 7) in base 4?
-11113311
Convert -2b9 (base 14) to base 11.
-465
What is 3401 (base 8) in base 3?
2110102
What is -69b (base 15) in base 5?
-21441
Convert -12545 (base 11) to base 2.
-100011000100101
What is -3099 (base 15) in base 7?
-41640
-210b (base 16) to base 13
-3b09
Convert -121202 (base 3) to base 4.
-13010
Convert -1269 (base 11) to base 8.
-3160
ac19 (base 13) to base 10
24020
-6033 (base 13) to base 15
-3db9
102244 (base 5) to base 9
4652
-318 (base 15) to base 10
-698
1211 (base 7) to base 10
449
Convert 58c (base 13) to base 6.
4241
What is -563 (base 10) in base 12?
-3ab
Convert 1456c (base 13) to base 2.
1001010110001100
10130 (base 4) to base 10
284
What is -111100111101 (base 2) in base 16?
-f3d
What is 100011100001111 (base 2) in base 3?
220221202
What is 725 (base 8) in base 10?
469
What is -225324 (base 6) in base 15?
-5aed
-9850 (base 10) to base 1